 - 5*j, -m = o*j - 2*j - 15. What is the remainder when m is divided by 2?
1
Let i(t) = 3*t - 11. Let m be 2*(-2)/(-8)*10. Let o be i(m). Suppose 2*d + o*w = 22, -3*w + 31 = 5*d - 17. What is the remainder when 15 is divided by d?
6
Suppose 0 = -16*j + 11*j + 1895. Suppose 5*l - 2*z - 364 = 0, 0 = 2*l + 3*l + 3*z - j. What is the remainder when l is divided by 19?
17
Let r be 6 - 3 - (1 - (4 - 0)). What is the remainder when 59 is divided by 28/r*(-198)/(-77)?
11
Suppose -d - 4 = 3*j, 0 = 2*d - 2*j - 10 - 22. Let k = d + -8. What is the remainder when 35*(-4)/(-12)*k is divided by 18?
17
Let o = 236 + -150. What is the remainder when o is divided by 11?
9
Suppose d + 5*g = 6*d - 515, 2*g = 5*d - 512. What is the remainder when d is divided by 28?
18
Let p(i) = -6*i - 9. Suppose -11 = -3*x - 4*c, 2*x - 3*c - 2*c = -31. Calculate the remainder when p(x) is divided by 2.
1
Let s(o) = 35*o - 6. Calculate the remainder when 144 is divided by s(1).
28
Suppose -7 = 8*m - 9*m. Calculate the remainder when (1 - m/3)/(54/(-1863)) is divided by 16.
14
Let j = 1955 + -1890. Calculate the remainder when j is divided by 21.
2
What is the remainder when 2/10 - (-148242)/465 is divided by 36?
31
Suppose 0 = -2*t + 8, 0*g + 4*g - 3*t = 4. What is the remainder when 73 is divided by (6/(-9))/(g/(-90))?
13
Suppose 0 = -4*s + 22 - 6. Calculate the remainder when (12/14)/(68/714) is divided by s.
1
Let z(b) = -19*b - 3. Calculate the remainder when 108 is divided by z(-1).
12
Let m be (267/9)/1 - (-3)/9. Suppose m*d = 32*d - 18. What is the remainder when 97 is divided by d?
7
Let c = -6 - -15. Suppose b - c = -1. What is the remainder when 37 is divided by b?
5
Let t be (-35)/(-6) + 1/6. Let b(o) = 11*o + o**3 - t*o**2 - 3 - 7*o + 3*o + 0. Calculate the remainder when 20 is divided by b(5).
6
Let r(j) = 65*j + 2. Let k be r(2). Suppose -4*f - 3*d + 132 = 0, 4*f = -2*d + 6*d + k. Suppose 57*p - 41*p = 144. What is the remainder when f is divided by p?
6
Suppose 0 = -3*r - 5*d + 2837, -15 + 7 = 4*d. Calculate the remainder when r is divided by 34.
31
Let j = 217 + -201. Calculate the remainder when 30 is divided by j.
14
Let u be 2/(-9) - (-290)/90. Let r(c) = -16*c - 3. Let v be r(-6). Suppose 0*w + v = u*w. What is the remainder when w is divided by 8?
7
Suppose -93 = 2*s - 5*s. Suppose 0 = -13*k + 378 + 818. Calculate the remainder when k is divided by s.
30
Let x = 24 - 44. Let u = 21 + x. What is the remainder when -1*u*(-4 + -42) is divided by 16?
14
Suppose -145 = -8*k + 127. What is the remainder when 182 is divided by k?
12
Suppose o = -r + 15, o + 2*r + 20 = 4*o. Suppose -5*y - 3*h = -180, -21 + 57 = y + h. Calculate the remainder when y is divided by o.
6
Let g = -137 - -230. Suppose 4*q - g = -d, -41 = -5*q + 3*q + 5*d. What is the remainder when (-4)/(-8)*7*(-10 - -22) is divided by q?
19
Let x = -658 + 673. What is the remainder when 48 is divided by x?
3
Suppose -65*o = -50 - 1900. What is the remainder when o is divided by 8?
6
Suppose 5*y + 0*s + 3*s = 2863, 0 = 4*y - s - 2304. Suppose 4*r - 357 = r - g, 0 = -5*r + 5*g + y. Calculate the remainder when r is divided by 40.
38
Let v = -88 + 297. What is the remainder when v is divided by 44?
33
Let l = -1057 - -1078. Calculate the remainder when 48 is divided by l.
6
Suppose 729 = -2*a - a. Let n = 67 + a. Calculate the remainder when ((-1)/2)/(2/n) is divided by 15.
14
Let b = -54 - -54. Suppose -2*f + 1 + 24 = 5*w, b = f + 4*w - 11. Calculate the remainder when f is divided by 7.
1
Suppose x - 4 = -0. Suppose 74*m - 64*m = 80. Let o = x + m. What is the remainder when 33 is divided by o?
9
Suppose -5*p = 10 - 20. Let b(s) = 5*s - s - 1 + 3*s**2 - p*s**2. What is the remainder when 13 is divided by b(-5)?
1
Suppose 20 = 5*c - 5*v, -4*c + v + 2 = -c. Let h = 2 - c. What is the remainder when 16 is divided by h?
1
Let o = 619 - 444. What is the remainder when o is divided by 44?
43
What is the remainder when (1 - 1 - -2) + 137 is divided by -1 + (-9)/(-2)*224/48?
19
Suppose 802 - 158 = 28*d. Calculate the remainder when d is divided by 13.
10
Calculate the remainder when 21 is divided by 5/((-4)/((-48)/15)).
1
Calculate the remainder when ((-1350)/(-72))/(6/16) is divided by 2.
0
Let o = 6 + 0. Suppose 4 + 5 = 3*m. Suppose -m*r - r = 4*d - 64, r = -3*d + 46. What is the remainder when d is divided by o?
3
Let t(n) = -2*n - 18. Let j be t(-13). Let u be 126/j - (-9)/36. Calculate the remainder when 31 is divided by u + 4/((-4)/(-1)).
14
Let c be (-6 - (-4)/4)*1. Let h(n) = -n**2 - 5*n + 3. Let b be h(c). Suppose 3*z = -2*d + 17, 15 + 7 = 4*z + b*d. What is the remainder when 25 is divided by z?
4
Suppose -2*x = -z - 55, 36 - 6 = x + 2*z. What is the remainder when x is divided by 12?
4
Calculate the remainder when (1/(-2))/((-14)/3836) is divided by 69.
68
Suppose 4*v - 9*v = -20. Let f be (-6 + 9)/(3/v). Let q = 7 - f. Calculate the remainder when 5 is divided by q.
2
Let q = 3 + 5. Suppose 4*x + 16 = 8*x. Suppose -43 - 17 = -x*p. Calculate the remainder when p is divided by q.
7
Let g = 7 + -4. Suppose g*v - 23 - 40 = 0. What is the remainder when v is divided by 11?
10
Suppose t + 43 = 176. Let c = -125 + t. Calculate the remainder when 27 is divided by c.
3
Suppose 0 = w + 2 - 47. Let v = 81 - w. Calculate the remainder when v is divided by ((-26)/(-3))/(2/3).
10
Let k = -6 - -42. Suppose -k = -2*t + 4. Let b(v) = 4*v**2 - 23*v + 4. What is the remainder when b(7) is divided by t?
19
Suppose 2*q - 16*q = -2016. Calculate the remainder when q is divided by 74.
70
Let t be (-22)/(-4) - 3/(-6). Suppose 5*p - 4*x = 16, -3*p = -7*x + 4*x - 9. Suppose t*i = p*i + 8. What is the remainder when 17 is divided by i?
1
Let h(t) = t**3 - 5*t**2 + 7*t - 6. Suppose 0 = 41*y - 35*y - 822. Let v = y - 115. What is the remainder when v is divided by h(4)?
4
Suppose -13*i = -15*i + 60. Let m be (-63)/(-15) - 6/i. Suppose -3*w - 11 = m*n - 64, -n + 38 = 3*w. Calculate the remainder when w is divided by 5.
1
Let l = 2 - 0. Suppose 0*j - 2*s - 162 = -3*j, -5*s - 108 = -l*j. What is the remainder when j is divided by 16?
6
Suppose 0 = -4*m - 26 + 314. Suppose 4*u + 3*k = 61, 15 = 4*u + 5*k - 36. Calculate the remainder when m is divided by u.
15
Suppose -2*a + 41 = 2*v + 1, v = 11*a + 20. What is the remainder when 304 is divided by v?
4
Let r = 21 + -11. Let g(m) = -13*m - 49. What is the remainder when r is divided by g(-4)?
1
Suppose 2555 = 11*n + 1059. What is the remainder when n is divided by 23?
21
Let w be 5 + (-561)/(-12) + (-2)/(-8). Let a = -43 + w. Calculate the remainder when 23 is divided by a.
5
Let n = 152 - 150. Suppose 3*q - 1 - 5 = 0. Suppose n*k - 7 = -a - q*a, -1 = k. What is the remainder when a is divided by 2?
1
Let j = -103 + 160. Let b(u) = u**2 + 3*u + 6. What is the remainder when j is divided by b(-5)?
9
Let s = 694 - 690. Calculate the remainder when (31/4)/(4/16) is divided by s.
3
What is the remainder when 1833 is divided by ((-68)/(-6))/(29/87)?
31
Suppose -9*l + 852 = -3*l. What is the remainder when l is divided by 50?
42
Suppose 37*c - 40*c + 15 = 0. Suppose -c*n - r = 4*r - 110, n + 3*r - 22 = 0. Calculate the remainder when 65 is divided by n.
21
Suppose 7*i - 5*g = 3*i + 116, -4*i + 3*g = -108. Suppose 0*s - 30 = -5*s. Calculate the remainder when (4/s)/(2/138) is divided by i.
22
Let a(y) be the third derivative of 0 + 1/12*y**4 - y**2 + 0*y - y**3. What is the remainder when a(5) is divided by 2?
0
Suppose -4*i - 3*l = -662, -4*i + 652 = 7*l - 9*l. What is the remainder when i is divided by 33?
32
Let g(u) = 17*u**2 - 2*u - 1. Let i(a) = 2*a + 2*a**3 + a - 4*a - 4*a**2 + 3. Calculate the remainder when g(-2) is divided by i(3).
17
Let i(a) = 8*a + 22. Let f be i(-4). Let u = f - -68. What is the remainder when u is divided by 20?
18
Let b(h) = -2*h**2 + 9*h - 3. Let x be b(4). Calculate the remainder when x/2*6 - -8 is divided by 4.
3
Let h(d) be the third derivative of d**5/60 + d**4/6 + 4*d**3/3 + 13*d**2. What is the remainder when 12 is divided by h(-3)?
2
Let l(z) = -3*z**2 - 190*z - 1719. What is the remainder when l(-12) is divided by -1 + (0 - -33) + 1?
30
Suppose 9*c = 2*c - 252. Let h = c - -107. Let t(z) = 3*z**2 - z. What is the remainder when h is divided by t(